(20). Let x be 10 + j - (-3 + 6). Calculate the greatest common divisor of v and x.
27
Let h = -16844 - -17190. Calculate the greatest common divisor of h and 5709.
173
Let i = -1886 - -2221. What is the greatest common factor of 2077 and i?
67
Let h = -10 - -13. Suppose 0*v - h*w = v + 14, 6 = -4*v - 2*w. Calculate the greatest common factor of 2 and v.
1
Let j = -106 - -1224. What is the highest common factor of 86 and j?
86
Suppose 4*v = 12, -3*m + 840 = -4*v + 5*v. Suppose 0 = -4*b + 5*a + 501, -27*a - 373 = -3*b - 26*a. Calculate the highest common factor of m and b.
31
Let k = -6 - -30. Suppose -k*u + 23*u - 4 = 0. Let g be 90/u*(-8)/12. What is the greatest common divisor of g and 30?
15
Suppose -1458 = -0*g - 5*g - d, -d = -3. Suppose -10*z = -1599 - g. Let n = -31 - -52. What is the highest common divisor of z and n?
21
Let z(v) = -2*v - 13. Let w be z(-9). Suppose 0 = w*q - 16 - 4. Suppose 74 = 7*g + 10*g - 28. What is the highest common divisor of q and g?
2
Suppose 5*a = 2*d + 21250, a - 4*d + 414 = 4664. What is the highest common factor of a and 1750?
250
Let i(u) = 2*u**3 + 4*u**2 + 4*u + 4. Let o be (-5)/(25/(-5))*-2. Let q be i(o). Let l be 8 - 1 - (-4*2 - q). Calculate the highest common divisor of l and 187.
11
Let f(j) = 3*j**2 - 17*j + 40. Let n be f(11). Let l = -1327 - -1351. What is the greatest common factor of l and n?
24
Suppose 5*i + 305 = -5*k + 10*k, 0 = 2*k + 2*i - 138. Let y be 7 - (-3 - -1)*(-16)/16. What is the greatest common factor of y and k?
5
Suppose 0 = -62*a + 63*a - 2. Let h be (-130)/(-18) - 12/54. Suppose 5 = 2*r - h. Calculate the greatest common factor of a and r.
2
Let y = -1634 + 4167. Calculate the greatest common divisor of y and 85.
17
Let j be -2 - (0 + (-12 - -7)). Let a(k) = -6*k**2 + 4 - 5*k + 2*k**3 + 6*k**2 - 3*k**3 + 6*k**2. Let u be a(j). What is the greatest common factor of u and 80?
16
Suppose 7*g + k - 361 = 0, -k + 29 = -5*g + 292. Calculate the greatest common factor of 19396 and g.
52
Suppose -2332*h + 63 - 585 = -2361*h. Calculate the highest common factor of 13770 and h.
18
Let t = 757 + -456. Suppose 39 + t = 10*w. Calculate the greatest common factor of w and 442.
34
Suppose -5*u - 16 = -u, -3*u = j - 20. Suppose 6*n - 4457 + 881 = 0. Let h = n + -340. Calculate the highest common factor of j and h.
32
Let i = 21351 + -19605. What is the greatest common divisor of i and 90?
18
Let f(n) = -n**3 + 13*n**2 + 9*n - 36. Let h be f(14). Let p = 161 + h. Suppose -5 + 25 = 4*t. What is the greatest common factor of p and t?
5
Suppose -5*x + 14 = -55*s + 57*s, 0 = -2*x + 2*s + 14. Calculate the greatest common factor of x and 212.
4
Suppose 4*d = 5*d - 70. Let t = -72059 - -72234. Calculate the highest common factor of d and t.
35
Suppose g = 30 + 102. Let p be (-12)/(-3) - (8 - g). What is the highest common factor of p and 320?
64
Let f(y) = 2*y**2 + 57*y - 142. Let n be f(-43). Calculate the highest common factor of n and 195.
65
Suppose -3*a + n + 177 = 56, -3*n = 4*a - 144. Suppose 2258 = a*w - 238. What is the greatest common divisor of 12 and w?
4
Let j = -2 - -5. Suppose -3*p - 30 = -3*y, -2*y + 0*y - j*p = -45. Suppose -y = -g + 5*q, -9 - 56 = -g - 5*q. What is the greatest common divisor of 32 and g?
8
Suppose -4*c + 45*q - 42*q + 592 = 0, -2*c - 2*q + 324 = 0. What is the greatest common factor of c and 28875?
77
Suppose -b + 119 = 3*y, -y + 4*b + 0*b + 18 = 0. Suppose y + 42 = d. Calculate the greatest common factor of 16 and d.
16
Let m = -138 - -137. Let i be 5 + -1 - (3 + m). Suppose -i*h = 2*l - 20, -2*h - l = -2*l - 20. What is the greatest common factor of h and 90?
10
Let d be (-897)/(-6) - 69/46. Calculate the greatest common factor of d and 111.
37
Let q = 4876 - 2160. What is the highest common factor of q and 56?
28
Let x(s) = 7*s + 25. Let z be x(9). Suppose 4*o + 348 = 5*m, -146*m - 150 = -148*m - 2*o. What is the greatest common divisor of m and z?
8
Let f = -4 - -8. Let v(n) = -n**3 - 3*n**2 - 3*n - 13. Let t be v(5). Let x = 232 + t. Calculate the highest common divisor of x and f.
4
Let a be (-2)/3 + 18/27. Suppose 2*c - 4*c + 4 = a. Calculate the highest common factor of 7 and c.
1
Suppose 177*u + 5*s - 1339 = 173*u, -3*u = -4*s - 1043. Calculate the greatest common divisor of u and 310.
31
Let i be 45/(-2)*(-48)/30. Let w = i - -15. Let v be 6800/w - (-1)/(-3). What is the highest common factor of v and 19?
19
Suppose 4*d - 3*a = 140, -2*a + 56 = 16*d - 14*d. What is the highest common factor of d and 5480?
8
Suppose -15*m - 21*m + 10101 = m. Let v = 0 - -21. Calculate the highest common factor of v and m.
21
Suppose 0 = 5*m + 4*q - 305, 3*m + 3*q - 72 = 2*m. What is the highest common divisor of m and 3363?
57
Suppose 45*q = -25*q + 4086 + 400934. Calculate the highest common factor of q and 44.
22
Suppose 174*h + 2364 = 175*h + 5*o, -3 = -o. What is the highest common divisor of 29 and h?
29
Let y be ((-40)/25)/((16/(-20))/2). Suppose 5*w - 97 - 167 = y*h, 5*h - 255 = -5*w. What is the highest common factor of 2 and w?
2
Suppose 118 = 9*k - 602. Calculate the highest common factor of 1540 and k.
20
Suppose -5*g + 4*i = -4*g + 496, -3*i - 2388 = 5*g. Let b = g - -632. Calculate the highest common factor of b and 95.
19
Let n be 9 + 40/(-35)*7. Suppose 5*s + 113 - 34 = 4*c, -4*s = 3*c - 36. What is the highest common divisor of n and c?
1
Suppose -65*c - 50*c = -262200. What is the greatest common factor of c and 15?
15
Suppose 0 = 81*k - 3508 - 2162. What is the greatest common factor of 98 and k?
14
Let n be -6 - 513/(-24) - 8/(64/3). What is the highest common divisor of 870 and n?
15
Suppose 5*c + 17*m = 18*m + 446, -6 = m. Calculate the greatest common divisor of 3586 and c.
22
Suppose -18*i - 6264 = 18*i. Let n = -69 - i. What is the greatest common factor of n and 30?
15
Let f(z) = 4*z + 26. Let c = 0 + -6. Let s be f(c). Suppose 0 = -s*p + 4. What is the greatest common divisor of p and 8?
2
Let n be (-6*4/(-18))/((-23)/(-65826)). What is the greatest common divisor of n and 108?
36
Let t(y) = 59*y - 2. Let n be t(4). Let a(k) = 18*k + 888. Let b be a(-49). Calculate the highest common factor of b and n.
6
Let g be (-9 - (-5096)/(-117))*-9. Calculate the highest common factor of 172 and g.
43
Suppose 0 = h + 8, 4*h - 100 = -27*x + 24*x. Suppose -g + 49 = 3*f, -g - 2*f - 3*f = -49. Suppose 83 + g = 3*o. What is the greatest common divisor of x and o?
44
Let u be (-8 + -1)*25715/(-6255). What is the greatest common divisor of 851 and u?
37
Let a = 1610 + -1298. Calculate the greatest common factor of a and 216.
24
Let x be 27/(-45)*-15 - -3. Let s be (1 - 11)*(-41 + -9 + 20). Calculate the highest common factor of s and x.
12
Let g be (27/1)/((-9)/(-84)). Let p = g + -116. Let y = 1727 + -1719. What is the greatest common divisor of p and y?
8
Let s(g) = -36*g + 813. Let i be s(19). What is the highest common divisor of 1032 and i?
129
Suppose -c - 3*c + 792 = 5*b, 3*b = 0. Suppose 0 = -11*v + 5*v + c. Calculate the greatest common divisor of 12 and v.
3
Suppose 9*c - 8777 = -5*d, 28*d - 26*d = 3*c + 3557. Calculate the greatest common divisor of 136 and d.
136
Suppose -238*f + 35802 = -220*f. Calculate the highest common factor of f and 918.
153
Let p = 10237 + -10225. What is the highest common divisor of p and 1002?
6
Let l = -5306 - -29368. Calculate the highest common factor of l and 53.
53
Let s be 4/((-85)/(-510)*(-2)/(-6)). What is the greatest common divisor of 68 and s?
4
Suppose -p + 2 = 0, 2*o = -8*p + 3*p + 358. Suppose 3*i = -5*y + 63, 58 = 124*y - 119*y - 2*i. What is the highest common divisor of y and o?
6
Suppose -19 = -6*j - 1. Suppose -2*z + j*o + 24 = -z, -5*z = -4*o - 76. Let b(x) = 2*x - 6. Let r be b(z). Calculate the highest common factor of r and 90.
18
Suppose 11*n + 152 = 19*n. Suppose -552 - 303 = -5*r. Calculate the greatest common factor of r and n.
19
Let m = -12237 + 12286. Calculate the greatest common divisor of 13965 and m.
49
Suppose 86 = -2*l + 181 + 31. Calculate the highest common factor of 2352 and l.
21
Let t(y) = -2*y + 1. Let k(f) = 11*f - 39. Let m(v) = -k(v) - 6*t(v). Let h be m(-15). Calculate the highest common factor of h and 171.
9
Let j be 13 + 4741/(-363) + 91379/33. What is the highest comm